{"id":107,"date":"2023-09-22T10:58:30","date_gmt":"2023-09-22T08:58:30","guid":{"rendered":"https:\/\/portal.kre.hu\/dndipvac2024\/?page_id=107"},"modified":"2024-06-10T16:20:23","modified_gmt":"2024-06-10T14:20:23","slug":"programme","status":"publish","type":"page","link":"https:\/\/portal.kre.hu\/dndipvac2024\/index.php\/programme\/","title":{"rendered":"Programme"},"content":{"rendered":"\n<h2 class=\"wp-block-heading\">Conference Programme<\/h2>\n\n\n\n<p>Changing Discourses \u2013 Aspects of Linguistic, Social and Discourse Variation<br><br>International Conference Organized by K\u00e1roli G\u00e1sp\u00e1r University in Cooperation with <br>DiscourseNet and DiPVaC Research Network<\/p>\n\n\n\n<h2 class=\"wp-block-heading\"><strong>12 June 2024 (WEDNESDAY)<\/strong><\/h2>\n\n\n\n<p><strong>8.45 Registration opens<\/strong><\/p>\n\n\n\n<p><strong>9.15 Conference Opening<\/strong><\/p>\n\n\n\n<p><strong>9.30\u201311.30 Section 1<\/strong> <strong>(chair: Stephen Levey)<\/strong><\/p>\n\n\n\n<p class=\"pull\">9.30-10.00 LEVEY, Stephen: Learning to sound like a native speaker: Evidence from discourse-pragmatic variation and change<\/p>\n\n\n\n<p class=\"pull\">10.00-10.30 ZI\u0118BA, Anna: Metaverse Metamorphosis: A Critical Exploration of Advertising Discourse and Societal Dynamics in the Digital Realm<\/p>\n\n\n\n<p class=\"pull\">10.30-11.00 KOCSIS, D\u00f3ra \u2013 KUNA, \u00c1gnes: Discursive patterns of self-justification in conflict narratives of doctors and nurses and its impact on conflict outcomes<\/p>\n\n\n\n<p class=\"pull\">11.00-11.30 LABRENZ, Annika: Variability and variation in epistemic stance markers: A corpus study of German stance expressions across situation- and speaker-related factors<\/p>\n\n\n\n<p><\/p>\n\n\n\n<p>11.30-13.30 lunch break<\/p>\n\n\n\n<p>Optional: 12:30-13:20 Guided tour in the <a href=\"https:\/\/csekonicspalace.hu\/en\/\">K\u00e1rolyi-Csekonics Palace<\/a>, the venue of the conference<\/p>\n\n\n\n<p><\/p>\n\n\n\n<p><strong>13.30-15.30 Section 2<\/strong> <strong>(chair: Ben Gibb-Reid)<\/strong><\/p>\n\n\n\n<p class=\"pull\">13.30-14.00 GIBB-REID, Ben \u2013 DISKIN-HOLDAWAY, Chlo\u00e9: Creating a functional taxonomy of discourse-pragmatic <em>yeah<\/em> using inter-rater reliability<\/p>\n\n\n\n<p class=\"pull\">14.00-14.30 SCHLEEF, Erik \u2013 MACKAY, Brad \u2013 PFLAEGING, Jana:&nbsp;Awareness and Sociolinguistic Monitoring: Comparing&nbsp;<em>(ing), (t),<\/em>&nbsp;<em>Like, You Know<\/em>&nbsp;and Pauses<\/p>\n\n\n\n<p class=\"pull\">14.30-15.00 VARGA, M\u00f3nika: \u201eHorribly friendly\u201d \u2013 Discourse-pragmatic variation and change in Middle Hungarian registers: the case of negative emotive words and intensifiers<\/p>\n\n\n\n<p class=\"pull\">15.00-15.30 D\u00c9R, Csilla Ilona: Variations of independent (insubordinate) clauses with metalinguistic function in Hungarian<\/p>\n\n\n\n<p><\/p>\n\n\n\n<p>15.30-16.00 coffee break<\/p>\n\n\n\n<p><strong>16.00-18.00 First plenary session<\/strong> (chairs: P\u00e9ter Furk\u00f3 and Csilla D\u00e9r)<\/p>\n\n\n\n<p>16.00-17.00<strong> KONTRA, Mikl\u00f3s<\/strong>:<strong> <\/strong>The life and difficult death of the mother-tongue question as a means of linguistic genocide in Hungary<\/p>\n\n\n\n<p><\/p>\n\n\n\n<p>17.00-18.00<strong> STEDE, Manfred<\/strong>:<strong> <\/strong>Climate Change in Politics: The Case of the German Bundestag<\/p>\n\n\n\n<h2 class=\"wp-block-heading\"><strong>13 June 2024 (THURSDAY)<\/strong><\/h2>\n\n\n\n<p><strong>8.30 Registration opens<\/strong><\/p>\n\n\n\n<p><strong>9.00-10.30 <a href=\"https:\/\/teams.microsoft.com\/l\/meetup-join\/19%3ameeting_ZTU4NzQzOWYtYmJlMS00M2JiLTk5NjQtYzMyMDY4YjdjZmNi%40thread.v2\/0?context=%7b%22Tid%22%3a%22e06a5dee-cc56-40bd-b41e-bf3f482bcdd3%22%2c%22Oid%22%3a%2237ee0dc0-fe80-43de-91ee-1a32e54a3066%22%7d\">DiPVaC Open Business Meeting<\/a><\/strong><\/p>\n\n\n\n<p><strong>10.30-11.30 Second plenary session <\/strong>(chair: P\u00e9ter Furk\u00f3) <\/p>\n\n\n\n<p><\/p>\n\n\n\n<p class=\"pull\"><strong>DISKIN-HOLDAWAY, Chlo\u00e9<\/strong>: Integrating phonetics and discourse-pragmatic variation: the case of <em>just<\/em><\/p>\n\n\n\n<p><\/p>\n\n\n\n<p>11.30-13.30 lunch break<\/p>\n\n\n\n<p><\/p>\n\n\n\n<p><strong>13.30-15.00 Section 3<\/strong> <strong>(chair: Raniah Al Mufarreh)<\/strong><\/p>\n\n\n\n<p class=\"pull\">13.30-14.00 AL MUFARREH, Raniah: Unveiling Humblebragging Among Arab Influencers<\/p>\n\n\n\n<p class=\"pull\">14.00-14.30 DALAMU, Taofeek O.: Advertising Agenda: An Expression of Multimodality Landscapes<\/p>\n\n\n\n<p class=\"pull\">14.30-15.00 SEB\u0150K, Melinda: Pragmatic aspects of silence in J\u00e1nos Pilinszky\u2019s art<\/p>\n\n\n\n<p class=\"pull\">15.00-15.30 CARDOSO, Paloma Batista: Negativas: a prototype for searching and classifying negative structures with \u2018n\u00e3o\u2019 in speech data<\/p>\n\n\n\n<p><\/p>\n\n\n\n<p>15.30-16.00 coffee break<\/p>\n\n\n\n<p><\/p>\n\n\n\n<p><strong>16.00-17.30 Section 4<\/strong> <strong>(chair: K\u00e1roly Nagy)<\/strong><\/p>\n\n\n\n<p class=\"pull\">16.00-16.30 NAGY, K\u00e1roly: The critical analysis of construction of Turkish national identity in the English translation of the 2016 Republic Day Speech of Recep Tayyip Erdogan<\/p>\n\n\n\n<p class=\"pull\">16.30-17.00 KONOPKA, Adam: Linguistic transformations of public discourse birth control in communist Poland. Discursive study of press articles from 1956-1989<\/p>\n\n\n\n<p class=\"pull\">17.00-17.30 PRESTON, Dennis: Discourse Change: Not So Fast<\/p>\n\n\n\n<p><strong>17.45 Student Award Ceremony<\/strong><\/p>\n\n\n\n<p><\/p>\n\n\n\n<h2 class=\"wp-block-heading\"><strong>14 June 2024 (Friday) Sightseeing<\/strong><\/h2>\n","protected":false},"excerpt":{"rendered":"<p>Conference Programme Changing Discourses \u2013 Aspects of Linguistic, Social and Discourse Variation International Conference Organized by K\u00e1roli G\u00e1sp\u00e1r University in Cooperation with DiscourseNet and DiPVaC Research Network 12 June 2024 (WEDNESDAY) 8.45 Registration opens 9.15 Conference Opening 9.30\u201311.30 Section 1 (chair: Stephen Levey) 9.30-10.00 LEVEY, Stephen: Learning to sound like a native speaker: Evidence from [&hellip;]<\/p>\n","protected":false},"author":1,"featured_media":0,"parent":0,"menu_order":0,"comment_status":"closed","ping_status":"closed","template":"","meta":{"footnotes":""},"class_list":["post-107","page","type-page","status-publish","hentry"],"_links":{"self":[{"href":"https:\/\/portal.kre.hu\/dndipvac2024\/index.php\/wp-json\/wp\/v2\/pages\/107","targetHints":{"allow":["GET"]}}],"collection":[{"href":"https:\/\/portal.kre.hu\/dndipvac2024\/index.php\/wp-json\/wp\/v2\/pages"}],"about":[{"href":"https:\/\/portal.kre.hu\/dndipvac2024\/index.php\/wp-json\/wp\/v2\/types\/page"}],"author":[{"embeddable":true,"href":"https:\/\/portal.kre.hu\/dndipvac2024\/index.php\/wp-json\/wp\/v2\/users\/1"}],"replies":[{"embeddable":true,"href":"https:\/\/portal.kre.hu\/dndipvac2024\/index.php\/wp-json\/wp\/v2\/comments?post=107"}],"version-history":[{"count":41,"href":"https:\/\/portal.kre.hu\/dndipvac2024\/index.php\/wp-json\/wp\/v2\/pages\/107\/revisions"}],"predecessor-version":[{"id":446,"href":"https:\/\/portal.kre.hu\/dndipvac2024\/index.php\/wp-json\/wp\/v2\/pages\/107\/revisions\/446"}],"wp:attachment":[{"href":"https:\/\/portal.kre.hu\/dndipvac2024\/index.php\/wp-json\/wp\/v2\/media?parent=107"}],"curies":[{"name":"wp","href":"https:\/\/api.w.org\/{rel}","templated":true}]}}

<h2 class="wp-block-heading">Conference Programme</h2>



<p>Changing Discourses – Aspects of Linguistic, Social and Discourse Variation<br><br>International Conference Organized by Károli Gáspár University in Cooperation with <br>DiscourseNet and DiPVaC Research Network</p>



<h2 class="wp-block-heading"><strong>12 June 2024 (WEDNESDAY)</strong></h2>



<p><strong>8.45 Registration opens</strong></p>



<p><strong>9.15 Conference Opening</strong></p>



<p><strong>9.30–11.30 Section 1</strong> <strong>(chair: Stephen Levey)</strong></p>



<p class="pull">9.30-10.00 LEVEY, Stephen: Learning to sound like a native speaker: Evidence from discourse-pragmatic variation and change</p>



<p class="pull">10.00-10.30 ZIĘBA, Anna: Metaverse Metamorphosis: A Critical Exploration of Advertising Discourse and Societal Dynamics in the Digital Realm</p>



<p class="pull">10.30-11.00 KOCSIS, Dóra – KUNA, Ágnes: Discursive patterns of self-justification in conflict narratives of doctors and nurses and its impact on conflict outcomes</p>



<p class="pull">11.00-11.30 LABRENZ, Annika: Variability and variation in epistemic stance markers: A corpus study of German stance expressions across situation- and speaker-related factors</p>



<p></p>



<p>11.30-13.30 lunch break</p>



<p>Optional: 12:30-13:20 Guided tour in the <a href="https://csekonicspalace.hu/en/">Károlyi-Csekonics Palace</a>, the venue of the conference</p>



<p></p>



<p><strong>13.30-15.30 Section 2</strong> <strong>(chair: Ben Gibb-Reid)</strong></p>



<p class="pull">13.30-14.00 GIBB-REID, Ben – DISKIN-HOLDAWAY, Chloé: Creating a functional taxonomy of discourse-pragmatic <em>yeah</em> using inter-rater reliability</p>



<p class="pull">14.00-14.30 SCHLEEF, Erik – MACKAY, Brad – PFLAEGING, Jana:&nbsp;Awareness and Sociolinguistic Monitoring: Comparing&nbsp;<em>(ing), (t),</em>&nbsp;<em>Like, You Know</em>&nbsp;and Pauses</p>



<p class="pull">14.30-15.00 VARGA, Mónika: „Horribly friendly” – Discourse-pragmatic variation and change in Middle Hungarian registers: the case of negative emotive words and intensifiers</p>



<p class="pull">15.00-15.30 DÉR, Csilla Ilona: Variations of independent (insubordinate) clauses with metalinguistic function in Hungarian</p>



<p></p>



<p>15.30-16.00 coffee break</p>



<p><strong>16.00-18.00 First plenary session</strong> (chairs: Péter Furkó and Csilla Dér)</p>



<p>16.00-17.00<strong> KONTRA, Miklós</strong>:<strong> </strong>The life and difficult death of the mother-tongue question as a means of linguistic genocide in Hungary</p>



<p></p>



<p>17.00-18.00<strong> STEDE, Manfred</strong>:<strong> </strong>Climate Change in Politics: The Case of the German Bundestag</p>



<h2 class="wp-block-heading"><strong>13 June 2024 (THURSDAY)</strong></h2>



<p><strong>8.30 Registration opens</strong></p>



<p><strong>9.00-10.30 <a href="https://teams.microsoft.com/l/meetup-join/19%3ameeting_ZTU4NzQzOWYtYmJlMS00M2JiLTk5NjQtYzMyMDY4YjdjZmNi%40thread.v2/0?context=%7b%22Tid%22%3a%22e06a5dee-cc56-40bd-b41e-bf3f482bcdd3%22%2c%22Oid%22%3a%2237ee0dc0-fe80-43de-91ee-1a32e54a3066%22%7d">DiPVaC Open Business Meeting</a></strong></p>



<p><strong>10.30-11.30 Second plenary session </strong>(chair: Péter Furkó) </p>



<p></p>



<p class="pull"><strong>DISKIN-HOLDAWAY, Chloé</strong>: Integrating phonetics and discourse-pragmatic variation: the case of <em>just</em></p>



<p></p>



<p>11.30-13.30 lunch break</p>



<p></p>



<p><strong>13.30-15.00 Section 3</strong> <strong>(chair: Raniah Al Mufarreh)</strong></p>



<p class="pull">13.30-14.00 AL MUFARREH, Raniah: Unveiling Humblebragging Among Arab Influencers</p>



<p class="pull">14.00-14.30 DALAMU, Taofeek O.: Advertising Agenda: An Expression of Multimodality Landscapes</p>



<p class="pull">14.30-15.00 SEBŐK, Melinda: Pragmatic aspects of silence in János Pilinszky’s art</p>



<p class="pull">15.00-15.30 CARDOSO, Paloma Batista: Negativas: a prototype for searching and classifying negative structures with ‘não’ in speech data</p>



<p></p>



<p>15.30-16.00 coffee break</p>



<p></p>



<p><strong>16.00-17.30 Section 4</strong> <strong>(chair: Károly Nagy)</strong></p>



<p class="pull">16.00-16.30 NAGY, Károly: The critical analysis of construction of Turkish national identity in the English translation of the 2016 Republic Day Speech of Recep Tayyip Erdogan</p>



<p class="pull">16.30-17.00 KONOPKA, Adam: Linguistic transformations of public discourse birth control in communist Poland. Discursive study of press articles from 1956-1989</p>



<p class="pull">17.00-17.30 PRESTON, Dennis: Discourse Change: Not So Fast</p>



<p><strong>17.45 Student Award Ceremony</strong></p>



<p></p>



<h2 class="wp-block-heading"><strong>14 June 2024 (Friday) Sightseeing</strong></h2>

<p>Conference Programme Changing Discourses – Aspects of Linguistic, Social and Discourse Variation International Conference Organized by Károli Gáspár University in Cooperation with DiscourseNet and DiPVaC Research Network 12 June 2024 (WEDNESDAY) 8.45 Registration opens 9.15 Conference Opening 9.30–11.30 Section 1 (chair: Stephen Levey) 9.30-10.00 LEVEY, Stephen: Learning to sound like a native speaker: Evidence from [&hellip;]</p>
