{"id":147,"date":"2023-08-02T12:02:44","date_gmt":"2023-08-02T10:02:44","guid":{"rendered":"https:\/\/portal.kre.hu\/kresc\/?page_id=147"},"modified":"2025-09-30T09:21:15","modified_gmt":"2025-09-30T07:21:15","slug":"csatlakozz","status":"publish","type":"page","link":"https:\/\/portal.kre.hu\/kresc\/csatlakozz\/","title":{"rendered":""},"content":{"rendered":"<div class=\"wp-block-image\">\r\n<figure class=\"aligncenter size-large\"><img loading=\"lazy\" decoding=\"async\" class=\"alignnone wp-image-674 size-large\" src=\"https:\/\/portal.kre.hu\/kresc\/wp-content\/uploads\/2025\/09\/Legyel_Te_is_KRE_SC_tag-1024x472.png\" alt=\"Legy\u00e9l Te is KRESC tag!\" width=\"1024\" height=\"472\" srcset=\"https:\/\/portal.kre.hu\/kresc\/wp-content\/uploads\/2025\/09\/Legyel_Te_is_KRE_SC_tag-1024x472.png 1024w, https:\/\/portal.kre.hu\/kresc\/wp-content\/uploads\/2025\/09\/Legyel_Te_is_KRE_SC_tag-300x138.png 300w, https:\/\/portal.kre.hu\/kresc\/wp-content\/uploads\/2025\/09\/Legyel_Te_is_KRE_SC_tag-768x354.png 768w, https:\/\/portal.kre.hu\/kresc\/wp-content\/uploads\/2025\/09\/Legyel_Te_is_KRE_SC_tag.png 1080w\" sizes=\"auto, (max-width: 1024px) 100vw, 1024px\" \/><\/figure>\r\n<\/div>\r\n<p>&nbsp;<\/p>\r\n<h3><strong>KRE SC \u2013 <em>Az egyetem, ahol a sport is otthonra lel!<\/em><\/strong><\/h3>\r\n\r\n<p class=\"kiemeles\">Legy\u00e9l a tagja egy #SPORTOSEGYETEM-nek \u00e9s csatlakozz a K\u00e1roli SC-hez!<\/p>\r\n\r\n<p>Mi v\u00e1r R\u00e1d n\u00e1lunk?<\/p>\r\n<p><strong>Sportos k\u00f6z\u00f6ss\u00e9gi \u00e9let<\/strong> &#8211; Havi szinten szervez\u00fcnk k\u00f6tetlen, sz\u00f3rakoztat\u00f3 esem\u00e9nyeket, ahol nem az eredm\u00e9ny, hanem az \u00e9lm\u00e9ny sz\u00e1m\u00edt. Futsal, 3v3 kos\u00e1rlabda, darts, asztalitenisz, e-sport \u2013 ha szereted a kih\u00edv\u00e1sokat, itt a helyed!<\/p>\r\n<p><strong>T\u00farak\u00f6r <\/strong>&#8211; Fedezd fel Magyarorsz\u00e1g legszebb t\u00e1jait! A t\u00far\u00e1k minden szinten \u00e9lvezhet\u0151k \u2013 kezd\u0151k\u00e9nt is b\u00e1tran csatlakozhatsz.<\/p>\r\n<p><strong>Csapatsport-edz\u00e9sek, ak\u00e1r versenyz\u00e9si lehet\u0151s\u00e9ggel<\/strong> &#8211; Pr\u00f3b\u00e1ld ki a futsalt, k\u00e9zilabd\u00e1t, r\u00f6plabd\u00e1t, floorballt, vagy kos\u00e1rlabd\u00e1t. V\u00e1lassz kedvedre rengeteg szabadid\u0151s tev\u00e9kenys\u00e9g\u00fcnk k\u00f6z\u00fcl.<\/p>\r\n<p><strong>Fel\u00faj\u00edtott konditermek modern g\u00e9pparkkal &#8211; <\/strong>A Reviczky utcai edz\u0151terem teljes meg\u00fajul\u00e1son esett \u00e1t \u2013 modern eszk\u00f6z\u00f6k, letisztult k\u00f6rnyezet, profi \u00e9lm\u00e9ny. \u00daj edz\u0151termek a Pszichol\u00f3giai Int\u00e9zetben \u00e9s a Bethlen G\u00e1bor Koll\u00e9giumban \u2013 hogy min\u00e9l k\u00f6nnyebben beiktathasd a napi edz\u00e9st.<\/p>\r\n<p><strong>Kedvezm\u00e9nyes \u00e1r &#8211; Az \u00e9ves tags\u00e1g (tan\u00e9v): mind\u00f6ssze <em>6000 Ft<\/em><\/strong><em>. <\/em>Ez az \u00f6sszeg tartalmazza az \u00f6sszes edz\u00e9st, programot, t\u00far\u00e1t, egyedi aj\u00e1nd\u00e9kcsomagot \u00e9s a n\u00e9vre sz\u00f3l\u00f3 tags\u00e1gi k\u00e1rty\u00e1t.<\/p>\r\n\r\n<h2 class=\"wp-block-heading has-text-align-center\">Szeretn\u00e9k csatlakozni:<\/h2>\r\n\r\n\r\n\r\n<div class=\"wp-block-buttons is-content-justification-center is-layout-flex wp-container-core-buttons-is-layout-16018d1d wp-block-buttons-is-layout-flex\">\r\n<div class=\"wp-block-button\"><a class=\"wp-block-button__link wp-element-button\" href=\"https:\/\/egyesuletonline.hu\/regisztracio\/kre-sc\" target=\"_blank\" rel=\"noreferrer noopener\">CSATLAKOZZ!<\/a><\/div>\r\n<\/div>\r\n\r\n\r\n\r\n<p>&nbsp;<\/p>\r\n","protected":false},"excerpt":{"rendered":"<p>&nbsp; KRE SC \u2013 Az egyetem, ahol a sport is otthonra lel! Legy\u00e9l a tagja egy #SPORTOSEGYETEM-nek \u00e9s csatlakozz a K\u00e1roli SC-hez! Mi v\u00e1r R\u00e1d n\u00e1lunk? Sportos k\u00f6z\u00f6ss\u00e9gi \u00e9let &#8211; Havi szinten szervez\u00fcnk k\u00f6tetlen, sz\u00f3rakoztat\u00f3 esem\u00e9nyeket, ahol nem az eredm\u00e9ny, hanem az \u00e9lm\u00e9ny sz\u00e1m\u00edt. Futsal, 3v3 kos\u00e1rlabda, darts, asztalitenisz, e-sport \u2013 ha szereted a kih\u00edv\u00e1sokat, [&hellip;]<\/p>\n","protected":false},"author":1,"featured_media":0,"parent":0,"menu_order":0,"comment_status":"closed","ping_status":"closed","template":"","meta":{"footnotes":""},"class_list":["post-147","page","type-page","status-publish","hentry"],"_links":{"self":[{"href":"https:\/\/portal.kre.hu\/kresc\/wp-json\/wp\/v2\/pages\/147","targetHints":{"allow":["GET"]}}],"collection":[{"href":"https:\/\/portal.kre.hu\/kresc\/wp-json\/wp\/v2\/pages"}],"about":[{"href":"https:\/\/portal.kre.hu\/kresc\/wp-json\/wp\/v2\/types\/page"}],"author":[{"embeddable":true,"href":"https:\/\/portal.kre.hu\/kresc\/wp-json\/wp\/v2\/users\/1"}],"replies":[{"embeddable":true,"href":"https:\/\/portal.kre.hu\/kresc\/wp-json\/wp\/v2\/comments?post=147"}],"version-history":[{"count":24,"href":"https:\/\/portal.kre.hu\/kresc\/wp-json\/wp\/v2\/pages\/147\/revisions"}],"predecessor-version":[{"id":676,"href":"https:\/\/portal.kre.hu\/kresc\/wp-json\/wp\/v2\/pages\/147\/revisions\/676"}],"wp:attachment":[{"href":"https:\/\/portal.kre.hu\/kresc\/wp-json\/wp\/v2\/media?parent=147"}],"curies":[{"name":"wp","href":"https:\/\/api.w.org\/{rel}","templated":true}]}}