{"id":576,"date":"2025-08-05T13:32:10","date_gmt":"2025-08-05T11:32:10","guid":{"rendered":"https:\/\/portal.kre.hu\/kresc\/?page_id=576"},"modified":"2026-02-27T09:45:21","modified_gmt":"2026-02-27T08:45:21","slug":"kezilabda","status":"publish","type":"page","link":"https:\/\/portal.kre.hu\/kresc\/kezilabda\/","title":{"rendered":"K\u00e9zilabda"},"content":{"rendered":"<div style=\"text-align: center;\">\n<ul class=\"inner-menu\">\n<li><a class=\"inner-menu-item\" href=\"#bemutatkozas\">Bemutatkoz\u00e1s<\/a><\/li>\n<li><a class=\"inner-menu-item\" href=\"#nbii\">NB II<\/a><\/li>\n<li><a class=\"inner-menu-item\" href=\"#budapesti\">Budapest I<\/a><\/li>\n<li><a class=\"inner-menu-item\" href=\"#up\">UP<\/a><\/li>\n<li><a class=\"inner-menu-item\" href=\"#lu20iii\">LU III. oszt\u00e1ly<\/a><\/li>\n<li><a class=\"inner-menu-item\" href=\"#strandkezilabda\">Strandk\u00e9zilabda<\/a><\/li>\n<\/ul>\n<\/div>\n<div style=\"clear:both;\"><\/div>\n<h3 id=\"bemutatkozas\"><strong>K\u00c9ZILABDA \u2013 ER\u0150, TAKTIKA \u00c9S CSAPATSZELLEM<\/strong><\/h3>\n<p><em>&#8222;A csapat ereje az egy\u00e9nben rejlik, az egy\u00e9n ereje pedig a csapatban.&#8221;<\/em><\/p>\n<p>A k\u00e9zilabda az egyik legdinamikusabb \u00e9s leg\u00f6sszetettebb csapatsport, amelyben a sebess\u00e9g, az er\u0151 \u00e9s a technikai tud\u00e1s egyar\u00e1nt kulcsszerepet j\u00e1tszik. A j\u00e1t\u00e9kosok folyamatos mozg\u00e1sban vannak, gyorsan kell d\u00f6nt\u00e9seket hozniuk, \u00e9s t\u00f6k\u00e9letes \u00f6sszhangban kell dolgozniuk csapatt\u00e1rsaikkal. A c\u00e9l egyszer\u0171: min\u00e9l t\u00f6bb g\u00f3lt szerezni az ellenf\u00e9l kapuj\u00e1ba, mik\u00f6zben megakad\u00e1lyozzuk, hogy az ellenf\u00e9l ugyanezt tegye.<\/p>\n<p>A m\u00e9rk\u0151z\u00e9sek intenzit\u00e1sa rendk\u00edv\u00fcl magas \u2013 a t\u00e1mad\u00e1s \u00e9s v\u00e9dekez\u00e9s k\u00f6z\u00f6tti \u00e1tmenet vill\u00e1mgyors, \u00edgy minden pillanat sz\u00e1m\u00edt. A j\u00e1t\u00e9kosoknak nemcsak a fizikai felk\u00e9sz\u00fclts\u00e9g\u00fckre, hanem taktikai \u00e9rz\u00e9k\u00fckre is t\u00e1maszkodniuk kell. Egy j\u00f3l kivitelezett csel, egy pontos passz vagy egy hirtelen ir\u00e1nyv\u00e1lt\u00e1s eld\u00f6ntheti a m\u00e9rk\u0151z\u00e9s kimenetel\u00e9t. A kapusok reflexei, a sz\u00e9ls\u0151k gyorsas\u00e1ga, az ir\u00e1ny\u00edt\u00f3k kreativit\u00e1sa \u00e9s a be\u00e1ll\u00f3k ereje mind hozz\u00e1j\u00e1rulnak a csapat siker\u00e9hez.<\/p>\n<h3><strong>KRE SC K\u00e9zilabda \u2013 NB II.<\/strong><\/h3>\n<p>B\u00fcszk\u00e9k vagyunk n\u0151i csapatunkra, akik az NB II.-ben j\u00e1tszanak. Azonban folyamatosan keress\u00fck azokat a j\u00e1t\u00e9kosokat, akik szeretn\u00e9k kipr\u00f3b\u00e1lni magukat a versenyz\u00e9sben, \u00edgy, ak\u00e1r van versenytapasztalatod, ak\u00e1r csak elsz\u00e1nt vagy \u00e9s k\u00e9szen \u00e1llsz a fejl\u0151d\u00e9sre, szeretettel v\u00e1runk az edz\u00e9seken! A csatlakoz\u00e1shoz sz\u00fcks\u00e9ges az edz\u0151vel \u00e9s a szakoszt\u00e1lyvezet\u0151vel val\u00f3 konzult\u00e1ci\u00f3.<\/p>\n<p>Ha szeretn\u00e9l egy \u00f6sszetart\u00f3, ambici\u00f3zus csapat tagja lenni, csatlakozz hozz\u00e1nk, \u00e9s l\u00e9pj p\u00e1ly\u00e1ra vel\u00fcnk!<\/p>\n<h3 id=\"nbii\">NB II.<\/h3>\n<div>\n<details>\n<summary>M\u00e9rk\u0151z\u00e9sek<\/summary>\n<table>\n<tbody>\n<tr>\n<td>2026.03.21 10:00<\/td>\n<td style=\"background-color: red;\">K\u00e9zilabda NB II<\/td>\n<td><strong>KRE SC<\/strong><\/td>\n<td>BVSC-Zugl\u00f3<\/td>\n<td>Cs\u00f6m\u00f6ri Sportcsarnok<\/td>\n<\/tr>\n<tr>\n<td>2026.03.28 18:00<\/td>\n<td style=\"background-color: red;\">K\u00e9zilabda NB II<\/td>\n<td>G\u00f6di SE<\/td>\n<td><strong>KRE SC<\/strong><\/td>\n<td>Bal\u00e1zsovits J\u00e1nos spcs., G\u00f6d<\/td>\n<\/tr>\n<tr>\n<td>2026.05.09 16:00<\/td>\n<td style=\"background-color: red;\">K\u00e9zilabda NB II<\/td>\n<td>Tiszavasv\u00e1ri SE<\/td>\n<td><strong>KRE SC<\/strong><\/td>\n<td>V\u00e1rosi Sportcsarnok, Tiszavasv\u00e1ri<\/td>\n<\/tr>\n<tr>\n<td>2026.05.16 10:00<\/td>\n<td style=\"background-color: red;\">K\u00e9zilabda NB II<\/td>\n<td><strong>KRE SC<\/strong><\/td>\n<td>VS Dunakeszi<\/td>\n<td>Cs\u00f6m\u00f6ri Sportcsarnok<\/td>\n<\/tr>\n<tr>\n<td>2026.05.23 16:00<\/td>\n<td style=\"background-color: red;\">K\u00e9zilabda NB II<\/td>\n<td>Cs\u00e9pe Salg\u00f3tarj\u00e1ni SKC<\/td>\n<td><strong>KRE SC<\/strong><\/td>\n<td>V\u00e1rosi Sportcsarnok, Salg\u00f3tarj\u00e1n<\/td>\n<\/tr>\n<\/tbody>\n<\/table>\n<\/details>\n<\/div>\n<div>\n<details>\n<summary>Tabella<\/summary>\n<p>Hamarosan..<\/p>\n<\/details>\n<\/div>\n<div>\n<details>\n<summary>Gal\u00e9ria<\/summary>\n<p>Hamarosan..<\/p>\n<\/details>\n<\/div>\n<div>\n<details>\n<summary>El\u00e9rhet\u0151s\u00e9g<\/summary>\n<p>Szakoszt\u00e1lyvezet\u0151: Lov\u00e1sz Brigitta(lovaszbrigitta@gmail.com)<br \/> Edz\u0151k: Lov\u00e1sz Brigitta<br \/> Kuhn M\u00e1rton(kuhnmarton@gmail.com)<\/p>\n<\/details>\n<\/div>\n<h3 id=\"budapesti\">Budapest I.<\/h3>\n<div>\n<details>\n<summary>M\u00e9rk\u0151z\u00e9sek<\/summary>\n<table>\n<tbody>\n<tr>\n<td>2026.03.08. 10:00<\/td>\n<td style=\"background-color: #ff9900;\">K\u00e9zilabda BPI.<\/td>\n<td>Mal\u00e9v<\/td>\n<td style=\"font-weight: bold;\">KRE SC<\/td>\n<\/tr>\n<tr>\n<td>2026.03.22. 13:45<\/td>\n<td style=\"background-color: #ff9900;\">K\u00e9zilabda BPI.<\/td>\n<td style=\"font-weight: bold;\">KRE SC<\/td>\n<td>H\u00eddl\u00e1nyk\u00e1k<\/td>\n<\/tr>\n<tr>\n<td>2026.03.28. 10:45<\/td>\n<td style=\"background-color: #ff9900;\">K\u00e9zilabda BPI.<\/td>\n<td style=\"font-weight: bold;\">KRE SC<\/td>\n<td>R\u00e1kosmente<\/td>\n<\/tr>\n<\/tbody>\n<\/table>\n<\/details>\n<\/div>\n<div>\n<details>\n<summary>Tabella<\/summary>\n<p>Hamarosan..<\/p>\n<\/details>\n<\/div>\n<div>\n<details>\n<summary>Gal\u00e9ria<\/summary>\n<p>Hamarosan..<\/p>\n<\/details>\n<\/div>\n<div>\n<details>\n<summary>El\u00e9rhet\u0151s\u00e9g<\/summary>\n<p>Edz\u0151: Cs\u00edk Krisztina (csik.kriszta@gmail.com)<\/p>\n<\/details>\n<\/div>\n<h3 class=\"linkeles\" id=\"up\">UP<\/h3>\n<div>\n<details>\n<summary>M\u00e9rk\u0151z\u00e9sek<\/summary>\n<table>\n<tbody>\n<tr>\n<td>2025. 09. 26. 16:30<\/td>\n<td style=\"background-color: #ffff00;\">K\u00e9zilabda UP<\/td>\n<td>V\u00e1ci NKSE II.<\/td>\n<td><strong>KRE SC<\/strong><\/td>\n<td>V\u00e1rosi Sportcsarnok, V\u00e1c<\/td>\n<\/tr>\n<tr>\n<td>2025. 10. 12. 12:00<\/td>\n<td style=\"background-color: #ffff00;\">K\u00e9zilabda UP<\/td>\n<td><strong>KRE SC<\/strong><\/td>\n<td>Balassa SE<\/td>\n<td>Sportcsarnok, Cs\u00f6m\u00f6r<\/td>\n<\/tr>\n<tr>\n<td>2025. 10. 30. 14:00<\/td>\n<td style=\"background-color: #ffff00;\">K\u00e9zilabda UP<\/td>\n<td><strong>KRE SC<\/strong><\/td>\n<td>Red Velvet Budapest<\/td>\n<td>Sportcsarnok, Cs\u00f6m\u00f6r<\/td>\n<\/tr>\n<tr>\n<td>2025.11.09 14:00<\/td>\n<td style=\"background-color: #ffff00;\">K\u00e9zilabda UP<\/td>\n<td>Salg\u00f3tarj\u00e1ni SKC<\/td>\n<td><strong>KRE SC<\/strong><\/td>\n<td>V\u00e1rosi Sportcsarnok, Salg\u00f3tarj\u00e1n<\/td>\n<\/tr>\n<tr>\n<td>2025.11.16 10:00<\/td>\n<td style=\"background-color: #ffff00;\">K\u00e9zilabda UP<\/td>\n<td><strong>KRE SC<\/strong><\/td>\n<td>R\u00e1kosmente<\/td>\n<td>Sportcsarnok, Cs\u00f6m\u00f6r<\/td>\n<\/tr>\n<tr>\n<td>2025.11.26 18:00<\/td>\n<td style=\"background-color: #ffff00;\">K\u00e9zilabda UP<\/td>\n<td>Veresegyh\u00e1z VSK<\/td>\n<td><strong>KRE SC<\/strong><\/td>\n<td>Kucsa Tam\u00e1s V\u00e1rosi Sportcsarnok, Veresegyh\u00e1z<\/td>\n<\/tr>\n<tr>\n<td>2025.12.13 18:00<\/td>\n<td style=\"background-color: #ffff00;\">K\u00e9zilabda UP<\/td>\n<td><strong>KRE SC<\/strong><\/td>\n<td>Vasas SC II.<\/td>\n<td>Sportcsarnok, Cs\u00f6m\u00f6r<\/td>\n<\/tr>\n<tr>\n<td>2026.01.21 19:30<\/td>\n<td style=\"background-color: #ffff00;\">K\u00e9zilabda UP<\/td>\n<td><strong>KRE SC<\/strong><\/td>\n<td>V\u00e1ci NKSE II.<\/td>\n<td>Sportcsarnok, Cs\u00f6m\u00f6r<\/td>\n<\/tr>\n<tr>\n<td>2026.01.30 18:00<\/td>\n<td style=\"background-color: #ffff00;\">K\u00e9zilabda UP<\/td>\n<td>Balassa SE<\/td>\n<td><strong>KRE SC<\/strong><\/td>\n<td>Balassa SE Sportcsarnok, Balassagyarmat<\/td>\n<\/tr>\n<tr>\n<td>2026.02.08 15:00<\/td>\n<td style=\"background-color: #ffff00;\">K\u00e9zilabda UP<\/td>\n<td>Red Velvet Budapest<\/td>\n<td><strong>KRE SC<\/strong><\/td>\n<td>Honv\u00e9d k\u00e9zilabda csarnok, Budapest<\/td>\n<\/tr>\n<tr>\n<td>2026.02.22 10:00<\/td>\n<td style=\"background-color: #ffff00;\">K\u00e9zilabda UP<\/td>\n<td><strong>KRE SC<\/strong><\/td>\n<td>Salg\u00f3tarj\u00e1ni SKC<\/td>\n<td>Sportcsarnok, Cs\u00f6m\u00f6r<\/td>\n<\/tr>\n<tr>\n<td>2026.02.28 13:00<\/td>\n<td style=\"background-color: #ffff00;\"\">K\u00e9zilabda UP<\/td>\n<td>R\u00e1kosmente<\/td>\n<td><strong>KRE SC<\/strong><\/td>\n<td>\u00dajlak utcai \u00c1lt. Isk. spcs., Budapest<\/td>\n<\/tr>\n<\/tbody>\n<\/table>\n<\/details>\n<\/div>\n<h3 class=\"linkeles\" id=\"lu20iii\">LU20 III. oszt\u00e1ly<\/h3>\n<div>\n<details>\n<summary>El\u00e9rhet\u0151s\u00e9g<\/summary>\n<p>Edz\u0151: Cs\u00edk Krisztina (csik.kriszta@gmail.com)<\/p>\n<\/details>\n<\/div>\n<h3 id=\"strandkezilabda\">STRANDK\u00c9ZILABDA<\/h3>\n<p><strong>STRANDK\u00c9ZILABDA \u2013 LEND\u00dcLET, L\u00c9GIESS\u00c9G \u00c9S NY\u00c1RI HANGULAT<\/strong><br \/> <em>\u201eAhol a homokban sz\u00e1ll a labda \u2013 \u00e9s n\u00e9ha a j\u00e1t\u00e9kos is.\u201d<\/em><\/p>\n<p>A strandk\u00e9zilabda a klasszikus k\u00e9zilabda ny\u00e1rias, l\u00e1tv\u00e1nyos \u00e9s szabadabb v\u00e1ltozata: gyors, p\u00f6rg\u0151s, technik\u00e1s \u00e9s rendk\u00edv\u00fcl sz\u00f3rakoztat\u00f3. A j\u00e1t\u00e9k homokban zajlik, mez\u00edtl\u00e1b, kisebb p\u00e1ly\u00e1n, kevesebb j\u00e1t\u00e9kossal \u2013 de ann\u00e1l t\u00f6bb kreativit\u00e1ssal. A l\u00e1tv\u00e1nyos g\u00f3lok nemcsak a k\u00f6z\u00f6ns\u00e9g, hanem a pontsz\u00e1m szempontj\u00e1b\u00f3l is kulcsfontoss\u00e1g\u00faak.<\/p>\n<p>Ebben a sportban a mozg\u00e9konys\u00e1g, a rugalmass\u00e1g \u00e9s a csapatmunka elengedhetetlen. Mivel a j\u00e1t\u00e9kosok folyamatosan cser\u00e9lhet\u0151k, a dinamika \u00e9s az \u00f6sszhang m\u00e9g ink\u00e1bb el\u0151t\u00e9rbe ker\u00fcl. A strandk\u00e9zilabda k\u00fcl\u00f6nleges hangulat\u00e1t a ny\u00e1ri k\u00f6rnyezet, a zene, a j\u00f3kedv \u00e9s az intenz\u00edv mozg\u00e1s egy\u00fcttese adja \u2013 a versenyszellem \u00e9s a buli\u00e9rzet itt k\u00e9z a k\u00e9zben j\u00e1r.<\/p>\n<p>Ak\u00e1r tapasztalt k\u00e9zilabd\u00e1s vagy, ak\u00e1r \u00faj vagy a sport\u00e1gban, itt a helyed, ha szeretn\u00e9d megtapasztalni, milyen, amikor a homok, a taktika \u00e9s a ny\u00e1ri hangulat \u00f6sszeolvad.<\/p>\n","protected":false},"excerpt":{"rendered":"<p>Bemutatkoz\u00e1s NB II Budapest I UP LU III. oszt\u00e1ly Strandk\u00e9zilabda K\u00c9ZILABDA \u2013 ER\u0150, TAKTIKA \u00c9S CSAPATSZELLEM &#8222;A csapat ereje az egy\u00e9nben rejlik, az egy\u00e9n ereje pedig a csapatban.&#8221; A k\u00e9zilabda az egyik legdinamikusabb \u00e9s leg\u00f6sszetettebb csapatsport, amelyben a sebess\u00e9g, az er\u0151 \u00e9s a technikai tud\u00e1s egyar\u00e1nt kulcsszerepet j\u00e1tszik. A j\u00e1t\u00e9kosok folyamatos mozg\u00e1sban vannak, gyorsan kell [&hellip;]<\/p>\n","protected":false},"author":1,"featured_media":0,"parent":0,"menu_order":0,"comment_status":"closed","ping_status":"closed","template":"","meta":{"footnotes":""},"class_list":["post-576","page","type-page","status-publish","hentry"],"_links":{"self":[{"href":"https:\/\/portal.kre.hu\/kresc\/wp-json\/wp\/v2\/pages\/576","targetHints":{"allow":["GET"]}}],"collection":[{"href":"https:\/\/portal.kre.hu\/kresc\/wp-json\/wp\/v2\/pages"}],"about":[{"href":"https:\/\/portal.kre.hu\/kresc\/wp-json\/wp\/v2\/types\/page"}],"author":[{"embeddable":true,"href":"https:\/\/portal.kre.hu\/kresc\/wp-json\/wp\/v2\/users\/1"}],"replies":[{"embeddable":true,"href":"https:\/\/portal.kre.hu\/kresc\/wp-json\/wp\/v2\/comments?post=576"}],"version-history":[{"count":23,"href":"https:\/\/portal.kre.hu\/kresc\/wp-json\/wp\/v2\/pages\/576\/revisions"}],"predecessor-version":[{"id":702,"href":"https:\/\/portal.kre.hu\/kresc\/wp-json\/wp\/v2\/pages\/576\/revisions\/702"}],"wp:attachment":[{"href":"https:\/\/portal.kre.hu\/kresc\/wp-json\/wp\/v2\/media?parent=576"}],"curies":[{"name":"wp","href":"https:\/\/api.w.org\/{rel}","templated":true}]}}